 3. Determine m(0).
3
Let k(h) = h**2 - 27*h + 56. What is k(2)?
6
Let b(h) = 2*h - 89. What is b(-18)?
-125
Let u(n) = n**2 - 11*n - 7. Determine u(12).
5
Let a(q) = -6*q + 5. What is a(6)?
-31
Let h(z) = -z**3 - 7*z**2 + z + 3. Calculate h(-7).
-4
Let k(q) = -2*q**3 + 24*q**2 - 16*q - 4. Determine k(11).
62
Let q(g) = 9*g + 20. Determine q(-10).
-70
Let j(u) = u**3 - 21*u**2 - u + 67. Give j(21).
46
Let g(o) = 5*o - 29. Calculate g(6).
1
Let c(t) = -2*t**2 + 132*t - 505. What is c(62)?
-9
Let x(z) = z**2 - 3*z - 11. Determine x(0).
-11
Let u(a) = 2*a**2 - 6*a + 2. What is u(4)?
10
Let g(h) = h**2 + 2*h + 2. Calculate g(0).
2
Let m(v) = -4*v + 43. Determine m(8).
11
Let k(c) = -3*c**2 - 5*c - 4. Calculate k(-3).
-16
Let c(u) = -u - 6. Determine c(8).
-14
Let h(t) = 22*t - 33. Determine h(1).
-11
Let t(w) = 10*w**2 + 2*w + 1. What is t(-2)?
37
Let a(x) = 2*x - 6. Calculate a(-8).
-22
Let w(v) = 21*v - 1. Give w(1).
20
Let u(m) = -5*m - 38. Give u(-7).
-3
Let c(r) = -r**3 - 42*r**2 + 40*r - 127. Calculate c(-43).
2
Let o(l) = 2*l + 10. What is o(-7)?
-4
Let w(a) = -3*a - 2. Determine w(-4).
10
Let q(h) = 4*h**2 - 22*h + 25. What is q(10)?
205
Let c(l) = l**2 - 11*l - 20. Determine c(12).
-8
Let c(o) = 5*o**2 - 7*o + 9. What is c(2)?
15
Let n(x) = -x**3 + 6*x**2 - 6*x + 1. Determine n(6).
-35
Let g(n) = -5*n - 6. Determine g(-6).
24
Let t(n) = 4*n**2 + 31*n - 5. What is t(-8)?
3
Let h(u) = -9*u**2 - 17*u + 18. Give h(1).
-8
Let n(l) = -l**3 - 13*l**2 + 28*l - 37. Give n(-15).
-7
Let o(l) = -20*l + 15. What is o(0)?
15
Let l(x) = -x**2 + 3*x - 7. Give l(6).
-25
Let y(g) = g**2 - 6*g + 8. Determine y(8).
24
Let v(h) = 9*h**3 + 6*h**2 + 8*h + 3. Determine v(-1).
-8
Let k(q) = 59*q + 108. Calculate k(-2).
-10
Let q(l) = 5*l + 3. Determine q(0).
3
Let r(v) = -v**2 - 12*v - 27. Calculate r(-5).
8
Let w(p) = 2*p**3 + p. What is w(1)?
3
Let a(z) = z**3 + 7*z**2 + 4*z - 10. Calculate a(-6).
2
Let l(o) = o**3 - 18*o**2 + 6. Give l(18).
6
Let x(d) = d**2 + 16*d - 2. Calculate x(-16).
-2
Let w(y) = y**3 - 13*y**2 + 12*y - 8. What is w(12)?
-8
Let k(a) = a**3 - 5*a**2 + 4. Determine k(5).
4
Let x(g) = -g**3 - 5*g**2 - 9*g - 1. What is x(-6)?
89
Let l(i) = -7*i - 49. Give l(-8).
7
Let t(d) = -23*d - 159. Give t(-7).
2
Let w(u) = u**3 + 5*u**2 + 7*u + 8. Calculate w(-4).
-4
Let s(r) = -r**3 - r - 20. What is s(0)?
-20
Let o(w) = 3*w - 33. Give o(14).
9
Let z(g) = -g**2 + 15*g + 18. Determine z(16).
2
Let s(i) = 4*i + 3. Determine s(2).
11
Let p(d) = -d + 26. Give p(36).
-10
Let z(i) = 7*i**2 - 4*i + 2. Calculate z(1).
5
Let y(g) = g**3 - 5*g**2 - 5*g - 8. Calculate y(6).
-2
Let y(f) = f**3 + 23*f**2 + f + 24. Calculate y(-23).
1
Let w(t) = -12*t + 13. Calculate w(6).
-59
Let q(n) = 9*n**2 + 5*n + 3. Calculate q(-2).
29
Let r(l) = 2*l**2 - l - 3. What is r(-2)?
7
Let a(f) = -2*f**2 + 4*f + 7. What is a(-5)?
-63
Let t(k) = 3*k - 10. What is t(7)?
11
Let f(u) = 4*u**3 + 5*u**2 - 15*u - 2. Determine f(2).
20
Let n(k) = -2*k - 70. What is n(-39)?
8
Let y(r) = r**2 - 12*r - 1. Calculate y(12).
-1
Let f(q) = -4*q**2 - 79*q + 18. Determine f(-20).
-2
Let a(z) = 3*z + 3. What is a(-9)?
-24
Let s(c) = 19*c + 17. Give s(-1).
-2
Let d(n) = -n**2 + 9*n - 9. Give d(5).
11
Let l(q) = q**2 - 29*q - 60. Give l(31).
2
Let f(b) = -b**2 - 16*b + 6. Give f(-15).
21
Let s(y) = -8*y - 61. Calculate s(-6).
-13
Let z(l) = -l - 25. What is z(-13)?
-12
Let s(d) = -2*d**3 + 7*d**2 + 4*d - 1. What is s(4)?
-1
Let g(i) = -i**3 + i**2 + 6*i - 11. Give g(4).
-35
Let h(k) = 12*k - 96. Give h(6).
-24
Let u(h) = 2*h**3 + 2*h**2 - 7*h + 4. Determine u(1).
1
Let c(o) = -9*o**2 + o + 2. Calculate c(-2).
-36
Let w(l) = -4*l + 8. Give w(4).
-8
Let o(b) = b**3 + b**2 + b. What is o(1)?
3
Let g(h) = -7*h**3 - 3*h**2 + 2*h - 1. Determine g(1).
-9
Let k(u) = u**2 - 7*u - 8. Give k(5).
-18
Let a(v) = 2*v**2 + 4*v + 3. Determine a(-3).
9
Let r(l) = l**3 + 6*l**2 - 7*l. What is r(-7)?
0
Let z(s) = 3*s - 5. Give z(2).
1
Let j(h) = h**3 + 9*h**2 - 23*h + 4. What is j(-11)?
15
Let h(s) = 16*s - 143. Give h(9).
1
Let k(h) = h**3 - 3*h**2 - 5*h. Calculate k(5).
25
Let d(m) = -m**3 + 8*m**2 - 7*m - 3. Calculate d(6).
27
Let x(l) = 3*l**3 - 55*l**2 - 38*l + 7. Give x(19).
7
Let v(n) = -2*n - 13. Determine v(-10).
7
Let p(w) = w**3 + 7*w**2 + 5*w + 6. Give p(-6).
12
Let b(h) = -6*h**3 - 2*h**2 - h - 2. Calculate b(-2).
40
Let i(v) = -2*v**3 + 3*v**2 - v - 1. What is i(2)?
-7
Let k(f) = -f**3 - 10*f**2 - 12*f - 16. Give k(-9).
11
Let s(b) = -b - 5. Give s(-3).
-2
Let t(q) = q**2 - 22*q + 50. Determine t(18).
-22
Let f(x) = -3*x**2 - 6*x - 5. Calculate f(-1).
-2
Let o(f) = -10*f + 27. Give o(7).
-43
Let q(p) = p**2 - 3*p. Give q(5).
10
Let c(x) = 3*x**2 + 67*x - 16. Determine c(-22).
-38
Let x(m) = m**3 - 3*m**2 - 5*m - 3. Calculate x(4).
-7
Let u(d) = d**2 - 14*d + 37. Determine u(5).
-8
Let v(g) = 2*g**2 - 11*g + 8. Calculate v(5).
3
Let s(m) = m**3 - 7*m**2 + 6*m - 6. Calculate s(6).
-6
Let g(q) = -q**2 - q + 6. What is g(5)?
-24
Let k(a) = -a**3 + 6*a**2 - 11*a + 2. What is k(4)?
-10
Let r(g) = g**2 + 10*g - 225. Determine r(11).
6
Let d(c) = 2*c**2 - 8*c + 4. Give d(5).
14
Let g(p) = -3*p**2 - 32*p - 5. Calculate g(-10).
15
Let x(o) = o**2 - 6*o + 10. Calculate x(6).
10
Let u(q) = 2*q + 10. What is u(-13)?
-16
Let f(i) = -i**2 + 6*i + 1223. What is f(38)?
7
Let o(t) = 5*t**2 + 7*t - 23. Calculate o(3).
43
Let o(d) = 4*d**2 + 16*d - 7. Calculate o(-6).
41
Let y(u) = u**2 + 6*u + 6. Calculate y(-5).
1
Let l(g) = 5*g + 50. Give l(-11).
-5
Let l(x) = 3*x**3 - x**2 - x + 2. Give l(2).
20
Let u(z) = -2*z + 12. What is u(5)?
2
Let z(t) = 13*t**2 - 3*t. Determine z(2).
46
Let q(r) = -r**2 - 17*r - 11. What is q(-16)?
5
Let w(u) = 2*u + 27. What is w(-11)?
5
Let i(r) = 4*r**2 - 3*r - 3. Give i(-1).
4
Let a(c) = -2*c. Give a(2).
-4
Let f(h) = -2*h**2 + 24*h + 29. Give f(12).
29
Let i(p) = p**2 + 4*p - 16. Calculate i(-6).
-4
Let l(z) = z**3 + z**2 - 3. Calculate l(1).
-1
Let h(p) = p**2 - 2*p - 328. Give h(19).
-5
Let f(o) = 4*o**3 + 19*o**2 + 10*o - 11. What is f(-4)?
-3
Let d(o) = -o**2 - 11*o + 1. Calculate d(-2).
19
Let x(k) = -31*k**2 + 2*k - 3. Calculate x(1).
-32
Let w(g) = -359*g - 719. Determine w(-2).
-1
Let m(x) = x**2 + 8*x + 9. What is m(-7)?
2
Let k(m) = -13*m + 56. Give k(4).
4
Let u(w) = w**3 + 59*w**2 + 114*w + 19. Give u(-57).
19
Let d(m) = -m**3 + 3*m**2 + 2*m - 5. What is d(0)?
-5
Let u(q) = -q**3 - q**2 + 10*q - 6. Determine u(0).
-6
Let w(n) = n**2 - 17*n - 34. Give w(19).
4
Let b(s) = -s**2 + 14*s + 86. What is b(18)?
14
Let i(a) = a**2 - 8*a + 6. What is i(7)?
-1
Let q(r) = -r**2 - 9*r + 223. Calculate q(11).
3
Let u(r) = r**2 - 34*r + 292. What is u(15)?
7
Let r(a) = 2*a - 2. What is r(5)?
8
Let m(f) = -4*f**2 - 77*f - 16. What is m(-19)?
3
Let b(t) = 8*t**3 - 22*t**2 - 2*t - 2. Calculate b(3).
10
Let b(p) = p**2 + 8*p + 9. What is b(-6)?
-3
Let x(l) = -l**3 - 5*l**2 + 3*l - 3. What is x(-6)?
15
Let w(d) = 8*d**3 + 2*d**2 + 2*d + 3. Calculate w(-2).
-57
Let v(u) = u - 26. Determine v(22).
-4
Let f(g) = -4*g**2 - 30*g - 17. Determine f(-7).
-3
Let a(f) = -8*f + 67. Give a(8).
3
Let k(a) = a**2 - 9*a - 1. Determine k(10).
9
Let k(t) = -5*t - 7. Calculate k(-3).
8
Let r(d) = 42*d**2 - 41*d + 2. Determine r(1).
3
Let y(f) = f + 12. What is y(-8)?
4
Let x(t) = -t**3 - 6*t**2 - 2*t + 7. Calculate x(-5).
-8
Let f(g) = -g**2 - 14*g - 30. Calculate f(-11).
3
Let w(k) = -k**2 + 15*k + 496. Calculate w(31).
0
Let c(m) = 13*m - 15. Determine c(4).
37
Let i(a) = a. Give i(0).
0
Let f(u) = -2*u**2 - 34*u + 4. Give f(-15).
64
Let w(x) = -x + 29. Give w(5).
24
Let q(s) = -9*s + 1. What is q(2)?
-17
Let d(l) = 3*l + 13. What is d(-7)?
-8
Let f(a) = -a**2 + 101*a - 486. Determine f(5).
-6
Let j(r) = -2*r**3 + 6*r**2 + 6*r + 3. Determine j(5).
-67
Let k(f) = -2*f**2 + 15*f + 9. What is k(7)?
16
Let u(f) = f**2 + 8*f - 1. Give u(-8).
-1
Let f(l) = 7*l**2 - 3*l - 3. Calculate f(-4).
121
Let r(g) = 6*g**2 + 2*g - 5. Calculate r(2).
23
Let q(k) = 3*k - 2. Calculate q(-9).
-29
Let q(k) = -k**3 + 23*k**2 - 22*k - 38. Calculate q(22).
-38
Let q(r) = -r**3 - 40*r**2 + 38*r - 141. Determine q(-41).
-18
Let u(w) = w**3 + 47. What is u(0)?
47
Let a(g) = -4*g**3 - 2*g**2 + 2*g - 1. Give a(1).
-5
Let n(j) = -12*j**2 + 5*j.